2
Let v = -4 + 7. Suppose -4*p + 0*p = -2*u + 94, -v*u + 134 = p. What are the prime factors of u?
3, 5
Let s = 120 - -18. What are the prime factors of s?
2, 3, 23
Let i be -244*(-3 - (-15)/6). Let h = i + -76. List the prime factors of h.
2, 23
List the prime factors of (524/(-6))/((-4)/(-3) + -2).
131
Suppose 257 = 8*a - 2799. What are the prime factors of a?
2, 191
Suppose 3*y = 32 + 160. What are the prime factors of y?
2
Suppose -16*l - 30 = -19*l. Let c(z) = z**3 - 4*z**2. Let w be c(4). Suppose -f + w*f + l = 0. What are the prime factors of f?
2, 5
Let t be ((-102)/(-15))/(2/10). Let x = -21 + t. List the prime factors of x.
13
Let f(n) = -8*n - 4. Let h be f(-2). Let y be 7/((-1 - 0)/1). Let o = y + h. What are the prime factors of o?
5
Let o(l) = l. Let p be o(1). What are the prime factors of p/(-3*2/(-18))?
3
Let s(g) = -g**3 + 7*g**2 - 3*g - 4. Let w(j) = -j**3 - 7*j**2 - 8*j - 6. Let y be w(-6). List the prime factors of s(y).
2, 7
Let t(x) = -x**3 + 3*x**2 + 2*x. Let k be 8/(3 + (-2 - -1)). Let w be t(k). What are the prime factors of (-7)/(-2) + 4/w?
3
List the prime factors of (-3)/(12/16) + 107.
103
Let q = -3 - -1. Let f be 10*(3/q - -2). Suppose -5 = -a + f. List the prime factors of a.
2, 5
Let z(k) = -k**2 + 6*k + 3. Let m be z(3). Let i(s) = 2*s - 6. Let f be i(4). Suppose -6 = -w - 3*v - f*v, m = -4*v. What are the prime factors of w?
3, 7
Suppose 7*t - 3*t + 4*q - 12 = 0, 3 = -q. Suppose 2*o + t = 5*o. List the prime factors of o.
2
Suppose 0 = -4*k + 3*k - 17. What are the prime factors of k/(-5) + (-16)/40?
3
Let w = 160 + -7. What are the prime factors of w?
3, 17
Let o = 18 + -25. What are the prime factors of o/(-4) - 2/(-8)?
2
Suppose -3*o + 12 = o. Suppose 2*u = o*u - 21. List the prime factors of u.
3, 7
Let f = 9 - 5. Suppose f*d = 2*k, 4*k + 3*d = 6*d - 10. List the prime factors of (4 - 2)*(-30)/k.
3, 5
Let t be 2/6 + 138/18. Suppose t - 52 = -4*v. List the prime factors of v.
11
Let g = -78 + 149. List the prime factors of g.
71
What are the prime factors of -30*(3 + (-68)/6)?
2, 5
Let y(c) = -c**2 - 18*c + 3. Let w be y(-15). Suppose 0 = 4*s, 0 = k + 4*s - w - 1. List the prime factors of k.
7
Let d = -10 + 15. Suppose 2*k + 86 = j + j, 4*j = -d*k + 145. List the prime factors of j.
2, 5
Let s be (1 + 11)*4/8. Suppose s*r = 2*r + 2*w + 28, 4*r - 44 = -2*w. What are the prime factors of r?
3
Let d(q) = -q**2 + 13*q - 14. List the prime factors of d(8).
2, 13
Suppose 0 = -3*w - 223 - 374. What are the prime factors of w/(-7) - (-3)/(-7)?
2, 7
Let t be (-8)/(-36) + 164/(-9). Let h = -2 + -26. Let u = t - h. List the prime factors of u.
2, 5
Suppose 4*i - 1 = 23. List the prime factors of i/(-3)*(-2)/1.
2
List the prime factors of 1/(-2 - 117/(-57)).
19
Let x = 11 - 2. What are the prime factors of 3/(x/6) - -7?
3
List the prime factors of 9/(6/2) + -1 + 96.
2, 7
Suppose -f - 62 = -2*f. What are the prime factors of f?
2, 31
Let t(f) = -f**2 + 9*f + 4. Let c be t(9). List the prime factors of -1 + (1 - c) - -13.
3
Let q(g) = g**2 - g - 8. Let s be q(7). Let j = s + -21. Suppose -14 - j = -3*a. What are the prime factors of a?
3
Let v(i) be the third derivative of i**5/4 + i**4/8 + i**3/2 + 2*i**2. Let f be v(-2). Suppose 3*k = -0*k + 15, 4*x = -k + f. List the prime factors of x.
13
Let x = -4 - -6. List the prime factors of x.
2
What are the prime factors of 26 + 0/3 + -3?
23
Let c be -1 + 4 - 1/1. Suppose 0 = -3*g + 5*m + 110, -c*m = 5*g + 3*m - 170. List the prime factors of g.
5, 7
Suppose 4*c = -4*i, -3*c = -0*i + i - 4. List the prime factors of 4/i + 44/2.
2, 5
Suppose -g + 9 = -n - 2*n, 5*g = 3*n + 9. Suppose q = -g*q. Suppose -3*l - 15 = 0, 2*y + q*y - 47 = 5*l. List the prime factors of y.
11
Let z = 9 - -5. Let p = z + -10. Suppose r = -p*y + 72, 2*y + 2*y = -2*r + 76. List the prime factors of y.
17
What are the prime factors of -3*(3 - 6 - 5)?
2, 3
Suppose 5*x = 5*n + 140, -5*x - 3*n + 2*n = -170. What are the prime factors of x?
3, 11
Suppose -2*x + 36 = -0*x. Suppose -2*z = z - x. Suppose 0 = -0*y + y - z. What are the prime factors of y?
2, 3
Let d(p) be the second derivative of -p**4/4 + p**3/2 + p. Let b be d(3). Let y = 25 + b. What are the prime factors of y?
7
Let j = 0 - 1. Let d be (0 + 8)/(j + 3). List the prime factors of -1 + 2/(d/22).
2, 5
Suppose 0 = -4*t + 7*t - 147. List the prime factors of t.
7
Let o(r) = r**2 + 6*r + 6. Let f be o(-5). Let u be -5 + (2 - (2 + f)). List the prime factors of (-1)/(1*3/u).
2
Let o = 44 - 20. Suppose 1 + o = 5*n. What are the prime factors of n?
5
Let a = 2 - -2. Suppose -a*l + 3*p = -85 - 1, 5*p - 79 = -3*l. What are the prime factors of l?
23
Suppose 4*u = -z - 2*z + 1733, 2*u = -5*z + 849. What are the prime factors of u?
19, 23
List the prime factors of 21050/65 - 4/(-26).
2, 3
Suppose 4*y = -0*y + 3*p + 40, 4*y - 40 = p. List the prime factors of y.
2, 5
Let z be (70/6 - 1)*3. Let l = 5 + z. What are the prime factors of l?
37
Suppose 4*s - 130 = -2*h, 5*s - s - 4*h - 112 = 0. What are the prime factors of s?
31
List the prime factors of (-3 + (5 - -34))*1/2.
2, 3
Let n(c) = c**3 - c + 5. Let j be n(0). Let o = j + 2. List the prime factors of o.
7
Let k(q) be the first derivative of q**4/4 + 8*q**3/3 + q - 2. Let s be k(-8). What are the prime factors of (26/6)/(s/3)?
13
Let d = 225 - 55. What are the prime factors of d?
2, 5, 17
Suppose 42 = -2*r - j, 2*r - 4*j = -2*r - 84. List the prime factors of 4/((-24)/r)*10.
5, 7
Let i = 19 - 13. List the prime factors of i.
2, 3
What are the prime factors of (1 + 4)*(-306)/(-30)?
3, 17
Let k(t) = t + 7. Let l be k(-5). Let q be (2 - 6/l)*-1. What are the prime factors of 1 + 2*(0 + q)?
3
Let v = -13 - -24. Suppose 5*n = 4*d - 32, -4*d + n + 13 = -d. Suppose d*m = -2 + v. List the prime factors of m.
3
Let b(z) = -29*z - 14. Let j(d) = 10*d + 5. Let m(q) = -6*b(q) - 17*j(q). What are the prime factors of m(5)?
19
Let d(k) = -7*k**3 + k + 1. Let x(o) = -4*o**2 - 2 - 3 + 3*o**2 + 8*o - 3. Let g be x(7). List the prime factors of d(g).
7
What are the prime factors of (-2 - (-207)/6)*(-5 - -7)?
5, 13
Let k(u) = -u**2 + 11*u + 1. List the prime factors of k(7).
29
Let r = 37 + 6. What are the prime factors of r?
43
Let m(h) = h**2 + h. Let q(z) = 8*z**2 + 9*z. Let c(t) = 18*m(t) - 2*q(t). Let p be -1*-2*1/(-2). What are the prime factors of c(p)?
2
Let q be 7 + (-2 - (3 - 2)). Let c = 5 + q. What are the prime factors of c?
3
Let h(k) = -k**3 - k**2 - k + 5. Let d be h(0). Let s = 17 - d. What are the prime factors of s?
2, 3
Let t be (-4)/(-6) - (-124)/3. Let o = -96 + t. List the prime factors of ((-1)/3)/(3/o).
2, 3
Let h = -4 + 2. Let a(j) = -2*j**3 - j**2 + j - 1. What are the prime factors of a(h)?
3
Let u be ((-11)/3)/(1/(-3)). Let f(g) = g**3 - 5*g**2 - g + 1. Let a be f(5). Let c = u + a. List the prime factors of c.
7
Suppose 0 = 4*t + 4*y - 40, y + 4*y = 4*t - 22. Let s = -30 + 48. Let d = s - t. List the prime factors of d.
2, 5
Suppose 5*u - 25 = -0*j - 5*j, 4*j - 4*u + 4 = 0. Suppose s + j*s = 9. Suppose y - 7 = -l - 0*y, 2*y = -s*l + 24. What are the prime factors of l?
2, 5
Let t(p) = -p - 9. Let c be t(-5). Let h(a) = -6*a + 3. List the prime factors of h(c).
3
Let q = -60 + 86. What are the prime factors of q?
2, 13
Suppose 0 = -0*j + 5*j. Let v be 1/(-2)*j - -11. Let r = v + 1. What are the prime factors of r?
2, 3
What are the prime factors of ((-228)/15)/(6/(-30))?
2, 19
Suppose -3*z + 0*z + 3 = 0. Let o = 5 + z. What are the prime factors of o?
2, 3
Suppose 0 = -2*h + 5*m - 4*m + 133, 5*h = -4*m + 326. What are the prime factors of h?
2, 3, 11
Let o(v) = -v**3 + 6*v**2 + 2*v + 1. Let g be 6 - (-2)/(-4)*2. Let c be o(g). Suppose 3*z - 7*z + c = 3*p, 5*z + 3*p - 48 = 0. What are the prime factors of z?
2, 3
Let u = 12 + -7. Suppose b = 2*q + 3, 0 = q + q + u*b - 15. Let i = 12 + q. List the prime factors of i.
2, 3
Suppose 5*d - 50 - 20 = 0. What are the prime factors of d?
2, 7
Let i = 52 - 19. List the prime factors of i.
3, 11
Let g = -97 + 173. List the prime factors of g.
2, 19
Suppose -2*n - 26 = -84. List the prime factors of n.
29
Let k = 4 - -2. Let p(s) = 3*s - 9. Let v be p(k). Let t = 8 + v. List the prime factors of t.
17
Let p be (0/2)/(-1 - -3). Suppose 3*v - v - 50